s of (-306416)/(-154) + (-15)/21 + 1?
2, 5, 199
Let b = 65 - -138. Suppose 8*g - 180*s - 530 = -181*s, 4*s - 74 = -g. Let y = b - g. What are the prime factors of y?
137
Suppose -7*i - 106 = -120. Suppose 2*p + 1894 = i*n, -n + 20*p = 18*p - 949. List the prime factors of n.
3, 5, 7
Let x(f) = 53882*f**2 + 88*f + 87. List the prime factors of x(-1).
53881
Suppose 4*x = 13*x - 49428. What are the prime factors of x?
2, 1373
Let g = 4348 + 13187. List the prime factors of g.
3, 5, 7, 167
Suppose -6 = -4*g + g - 3*m, 0 = -2*g - 4*m + 4. Suppose -3*p = a - 324, 2*p = -a + g*a - 319. List the prime factors of a.
3, 107
Suppose 8263 + 14606 = 5*j + 3369. List the prime factors of j.
2, 3, 5, 13
Let z(a) be the third derivative of 483*a**5/20 + 2*a**4/3 - 5*a**3/2 + 180*a**2. What are the prime factors of z(1)?
2, 5, 29
Let f(m) = 4*m**3 - 8*m**2 + 14*m - 36. Let c(w) = -7*w**3 + 15*w**2 - 28*w + 72. Let k(x) = 4*c(x) + 9*f(x). What are the prime factors of k(6)?
2, 3, 7
Let o = -6 + 13. Let s(v) = -5*v**3 - 10*v**2 - 6*v + 5. Let a(z) = 6*z**3 + 10*z**2 + 7*z - 4. Let d(n) = -6*a(n) - 7*s(n). List the prime factors of d(o).
2, 17
Suppose 358 = 3*h - 5*n, 5*h - 3*n = -n + 565. Suppose 6680 = 17*o + 2243. Suppose h = -2*g + o. List the prime factors of g.
3, 5
Suppose 0 = -5*v - q + 15255 + 174354, 2*v - 75846 = -q. What are the prime factors of v?
13, 2917
Let q = 104 - 112. Let b = q - -12. Suppose 0 = -5*c + 5*p + 77 + 33, -b*p + 44 = 2*c. What are the prime factors of c?
2, 11
Let d = 7 - 4. Let f be ((-7)/d - -1)/(2/(-6)). Suppose f*y = 4*p + 380, 5*y - 5*p - 477 = -p. List the prime factors of y.
97
Let i = 654 + -1356. Let w = i + 2178. List the prime factors of w.
2, 3, 41
List the prime factors of ((-1)/8)/((-427)/21865816).
37, 173
Suppose o - 2*j = 3*j + 13, 5*o - 3*j = 175. What are the prime factors of o?
2, 19
What are the prime factors of 1878/((-90)/12 + 9)?
2, 313
Let u = -40351 - -99830. What are the prime factors of u?
7, 29, 293
Let z(p) = -13*p + 1. Let a be z(1). Let l = -9 - a. Suppose 7*t - 280 = l*t. List the prime factors of t.
2, 5, 7
Suppose 2*c - 4 = 12. Let t(f) = 90*f - 54. What are the prime factors of t(c)?
2, 3, 37
Suppose 18285 = -3*h - h + 80417. What are the prime factors of h?
7, 317
Let h = -81 + 80. Let m(q) be the second derivative of q**4/4 - q**3/6 - q**2 + 4*q. List the prime factors of m(h).
2
Let a = -547 + 386. Let j = 97 - a. List the prime factors of j.
2, 3, 43
Let v(m) = m**2 + 19*m + 38. Let j be v(-2). Suppose 3*q + 4*o = 1902 + 1731, 0 = j*q - 3*o - 4869. What are the prime factors of q?
3, 5
Let f(z) = -40*z**3 - 5*z + 3. Let h be f(-3). Let b = h - 151. What are the prime factors of b?
947
Let v(f) = 7*f**3 - f. Let t(u) = -u - 18. Let n(c) = -17*c**3 - c**2 - 1. Let y be n(1). Let i be t(y). What are the prime factors of v(i)?
2, 3
Let q(c) = 36*c - 8. Suppose 8 - 35 = 9*s. Let f be 4 + ((4 + -4)/s)/2. What are the prime factors of q(f)?
2, 17
Let t(o) = -1107*o + 24. Let g be t(-8). Suppose 0 = -0*r + 10*r - g. What are the prime factors of r?
2, 3, 37
What are the prime factors of (59705 - 2)*((-2856)/(-147) + -19)?
3, 2843
Suppose -45*b - 108 = -54*b. Suppose h - 191 = 2*n, b = -4*n - 0. What are the prime factors of h?
5, 37
Let b(p) = -p**3 - 12*p**2 - 11*p + 11. Let x be b(-11). Suppose -x*o - 276 = -13*o. List the prime factors of o.
2, 3, 23
Let i = 1355 + -613. Let a = 84 + i. What are the prime factors of a?
2, 7, 59
Suppose 3*t = -4*n - 0*n - 42, 105 = -5*t + 5*n. Let v be (4 + t/4)*6. List the prime factors of 28 + (-6 - v/1).
5
Suppose 4*w - 5*i = 71259, 21*w + i = 17*w + 71241. List the prime factors of w.
3, 1979
Suppose 0 = 4*x + z + 640, 0 = 16*z - 13*z - 12. Let m be 2/((-231)/(-233) - 1). Let j = x - m. List the prime factors of j.
2, 3
Let d = -127045 + 197860. What are the prime factors of d?
3, 5, 4721
Let z(c) = c + 7. Let s be z(-4). Suppose -x + 105 = -3*m, s*m + 375 = 4*x - 0*m. List the prime factors of x.
2, 3, 5
Let j be 7 + (-3)/((-3)/(-5)). List the prime factors of 6/j + (456 - 5).
2, 227
Let a be 20/4 + 1 + 2. Suppose a*d + 2374 = 10*d + 4*n, 3*n = -d + 1184. List the prime factors of d.
1193
Let w = -2201 - -9624. What are the prime factors of w?
13, 571
Let m(q) = 16*q - 71. Let j be m(10). Suppose 0 = j*u - 88*u - 612. List the prime factors of u.
2, 3, 17
Let n(o) = -6*o + 19. Let d(f) = -11*f + 38. Let p(c) = 4*d(c) - 7*n(c). Let i(u) = u - 9. Let m(g) = 7*i(g) + 4*p(g). List the prime factors of m(-6).
19
Let n be 4/2 - 7/(-7). Suppose n*p - 90 = -3*p. List the prime factors of (-1401)/(-15) + (-6)/p.
3, 31
Suppose -2*x + 75 = x. Let w(k) = 2*k**2 - 103*k - 327. Let m be w(-3). Suppose 5*l + x = m, 2*q + 3*l - 22 = 71. What are the prime factors of q?
2, 3
Let s be ((-1)/3)/(5/(-30)) - 124. Let f = 653 + s. List the prime factors of f.
3, 59
Suppose 0 = 3*p - 3*c - 29871, 0 = -2*p + c + 6273 + 13647. List the prime factors of p.
3, 41
Suppose -12777 = -13*t + 8517. What are the prime factors of (8 + 0)/(36/t)?
2, 7, 13
Suppose 5*d = 214 - 69. Let j = 63 - d. Suppose -34 = -2*k + j. List the prime factors of k.
2, 17
What are the prime factors of (-94877)/(-10) + -29 + 3516/120?
2, 593
What are the prime factors of (0 - -2)/(-11 - (-1 - 4006944/400692))?
33391
List the prime factors of 6/9 + (-283558)/(-66).
4297
Let i(t) = 681*t**2 + t + 2. Let n(f) = 227*f**2 + 1. Let v(m) = -2*i(m) + 7*n(m). What are the prime factors of v(1)?
2, 3, 19
Suppose -r + 0*r = 3. Let d(y) = -22*y**2 - 2*y - 1. Let s be d(r). Let m = s + 442. What are the prime factors of m?
3, 83
Suppose 2334 + 708 = 13*b. Suppose 4*p = 2*w - 130, -11*p + 6*p + b = 4*w. List the prime factors of w.
61
Suppose 0 = 7*f - 19*f + 93492. Suppose 13*b - 21155 + f = 0. List the prime factors of b.
2, 257
Suppose -76*m = -82*m + 24. Suppose 2 + 18 = 4*u, 2*u = -m*h + 2726. What are the prime factors of h?
7, 97
Let r(m) = 3*m**2 - 89*m - 121. List the prime factors of r(-18).
11, 223
Suppose 0 = 3*c + a - 2*a + 95, c = 2*a - 40. Let p be ((-12)/10)/(c/100). Suppose p*k - 571 = -3*m - 101, 4*k - 462 = m. List the prime factors of k.
2, 29
Let j = -43131 - -49491. List the prime factors of j.
2, 3, 5, 53
Let q be ((-4086)/(-24))/(-3 - (-33)/12). What are the prime factors of q/((-4)/30 - (-41)/(-30))?
2, 227
Let g = 49647 + -31269. List the prime factors of g.
2, 3, 1021
Let z(f) = -1738*f + 1609. What are the prime factors of z(-29)?
3, 5779
Let v be (20/(-2))/((-43)/860). Suppose -4*w + 5*s = -826, -11*s = w - 9*s - v. List the prime factors of w.
2, 3, 17
Let l = 100 - 97. Suppose -4*m - 18 = l*w, 3*w = w - 4. What are the prime factors of ((-99)/(-21) + m)*7?
2, 3
Let n(z) = -z**2 - 9*z - 14. Let w be n(-4). Suppose w*s - 3108 = 750. What are the prime factors of s?
643
Suppose -192*k + 2751 = -189*k. Let h = -204 + k. List the prime factors of h.
23, 31
Let l(j) = 16*j**2 + 126*j + 2037. What are the prime factors of l(-68)?
67453
Suppose 2 - 22 = -5*l. List the prime factors of 4 - -20 - l - (-4)/1.
2, 3
Let r(s) = 6*s**2 - 6 - s**3 + 12*s + 0*s**2 - 3*s**2. Let g be ((-5)/(-2))/((-7)/(-14)). List the prime factors of r(g).
2
Suppose 4*m - g = 6*m - 42, -5*m - 2*g + 107 = 0. Suppose 3*d - 43 = 3*z - 2*d, -3*z + d = m. What are the prime factors of (117/18)/((-3)/z - 0)?
13
List the prime factors of (-490)/((-8)/42*3/2).
5, 7
Let d(y) = -y**3 - 5*y**2 - 24*y + 7. Suppose -5*m = a + 47, 2*m - 7*m = -2*a + 56. List the prime factors of d(m).
3, 83
Suppose -5*t + 64 = 3*t. Let m be t + 30/(-6) + (-1)/(-1). Suppose -m*p = 3*h - 509, -3*h - 135 = -2*p - 650. List the prime factors of h.
3, 19
Let u be 1 - 2*1/(-1). Suppose x + 3034 = 4*i, i + 2*x - 748 = -u*x. Suppose 0 = -4*z + 2*c + i, -4*z - 3*c + 773 = -0*z. What are the prime factors of z?
191
List the prime factors of 10/(-55) - 307242/(-66).
5, 7, 19
Suppose -5 = m - 20. Let q = 144 - 39. Let n = q + m. What are the prime factors of n?
2, 3, 5
Suppose -3*g + 306 = 4*d - 7*d, 3*d = -6. Let h = 246 - g. What are the prime factors of h?
2, 73
Suppose 0 = -4*k - 2*q - 3*q + 51504, 0 = -4*k + 3*q + 51472. List the prime factors of k.
61, 211
Let t be (-6072)/21 + 6/42. Let m = -138 - t. List the prime factors of m.
151
Let q(r) = 2626*r**3 + 2*r**